r of 15 and 105?
15
What is the greatest common factor of 291 and 7663?
97
What is the greatest common divisor of 124 and 8?
4
What is the highest common divisor of 1727 and 209?
11
Calculate the highest common factor of 512 and 80.
16
What is the highest common divisor of 20 and 20?
20
Calculate the greatest common divisor of 92 and 345.
23
Calculate the highest common divisor of 192 and 2.
2
Calculate the greatest common factor of 650 and 208.
26
What is the greatest common divisor of 115 and 85?
5
Calculate the highest common factor of 140 and 56.
28
Calculate the highest common factor of 266 and 21812.
266
What is the highest common divisor of 391 and 68?
17
What is the highest common factor of 1975 and 425?
25
Calculate the highest common factor of 22 and 2354.
22
Calculate the greatest common factor of 85 and 1547.
17
Calculate the highest common divisor of 15 and 435.
15
What is the greatest common divisor of 56 and 49?
7
What is the greatest common divisor of 2296 and 224?
56
What is the highest common factor of 1830 and 2?
2
Calculate the highest common factor of 48 and 336.
48
What is the greatest common divisor of 369 and 3813?
123
What is the highest common factor of 208 and 2192?
16
What is the highest common factor of 576 and 48?
48
What is the greatest common divisor of 40 and 980?
20
Calculate the highest common factor of 12 and 4782.
6
What is the greatest common divisor of 1338 and 6?
6
What is the highest common divisor of 19 and 323?
19
Calculate the greatest common factor of 207 and 92.
23
Calculate the highest common factor of 48 and 228.
12
Calculate the greatest common factor of 52 and 2639.
13
What is the greatest common factor of 8344 and 112?
56
Calculate the highest common divisor of 689 and 159.
53
Calculate the highest common divisor of 603 and 3.
3
Calculate the highest common divisor of 116 and 29.
29
What is the greatest common factor of 485 and 388?
97
Calculate the greatest common factor of 27 and 477.
9
What is the highest common divisor of 2079 and 33?
33
Calculate the highest common factor of 116 and 1711.
29
Calculate the greatest common divisor of 170 and 2465.
85
Calculate the greatest common factor of 28 and 742.
14
Calculate the greatest common divisor of 4 and 1844.
4
What is the highest common factor of 710 and 160?
10
Calculate the highest common divisor of 168 and 105.
21
What is the greatest common factor of 385 and 154?
77
What is the greatest common divisor of 3721 and 61?
61
What is the greatest common factor of 551 and 19?
19
What is the greatest common divisor of 22 and 3773?
11
Calculate the greatest common factor of 3 and 447.
3
What is the highest common divisor of 4 and 32?
4
Calculate the highest common factor of 24 and 87.
3
What is the greatest common divisor of 404 and 4343?
101
Calculate the highest common divisor of 96 and 7152.
48
What is the highest common factor of 12 and 6684?
12
What is the highest common factor of 63 and 14?
7
Calculate the greatest common factor of 39 and 39.
39
What is the highest common factor of 21 and 259?
7
Calculate the highest common factor of 54 and 3798.
18
Calculate the highest common factor of 7 and 175.
7
Calculate the highest common factor of 52 and 116.
4
Calculate the highest common divisor of 14 and 308.
14
What is the highest common divisor of 43 and 22?
1
Calculate the highest common factor of 28 and 2464.
28
What is the highest common factor of 90 and 405?
45
Calculate the greatest common divisor of 150 and 2350.
50
Calculate the highest common factor of 36 and 88.
4
Calculate the highest common divisor of 16 and 272.
16
What is the greatest common factor of 268 and 4?
4
What is the greatest common factor of 8091 and 1827?
261
What is the greatest common factor of 12229 and 21?
7
Calculate the greatest common factor of 20 and 2780.
20
Calculate the greatest common divisor of 310 and 20.
10
Calculate the greatest common divisor of 1406 and 74.
74
Calculate the highest common divisor of 131 and 3.
1
Calculate the greatest common divisor of 26 and 12701.
13
What is the highest common factor of 133 and 14497?
133
What is the highest common factor of 392 and 343?
49
What is the greatest common divisor of 924 and 660?
132
Calculate the highest common divisor of 2408 and 56.
56
What is the highest common divisor of 2 and 281?
1
What is the greatest common factor of 64 and 56?
8
Calculate the greatest common divisor of 15 and 1410.
15
What is the greatest common divisor of 4332 and 24?
12
Calculate the highest common divisor of 143 and 13.
13
Calculate the highest common factor of 869 and 55.
11
What is the greatest common divisor of 1643 and 53?
53
What is the highest common divisor of 25 and 325?
25
What is the greatest common divisor of 2877 and 147?
21
Calculate the greatest common factor of 69 and 69.
69
Calculate the highest common factor of 903 and 42.
21
Calculate the greatest common divisor of 110 and 902.
22
Calculate the greatest common divisor of 87 and 1856.
29
Calculate the greatest common factor of 100 and 125.
25
What is the highest common factor of 173 and 29237?
173
What is the highest common divisor of 37 and 999?
37
What is the greatest common divisor of 18317 and 13?
13
What is the greatest common divisor of 855 and 114?
57
What is the highest common divisor of 14048 and 16?
16
Calculate the highest common factor of 55 and 7040.
55
Calculate the greatest common divisor of 17 and 2.
1
Calculate the highest common factor of 25 and 55325.
25
Calculate the greatest common factor of 12384 and 192.
96
Calculate the greatest common factor of 77 and 77.
77
What is the greatest common divisor of 1146 and 6?
6
Calculate the greatest common divisor of 108 and 10152.
108
Calculate the greatest common factor of 12843 and 3.
3
What is the greatest common factor of 63563 and 17?
17
What is the greatest common divisor of 55 and 99?
11
What is the greatest common divisor of 165 and 22?
11
What is the greatest common divisor of 63 and 5250?
21
Calculate the highest common factor of 301 and 14.
7
What is the highest common divisor of 140 and 12740?
140
Calculate the greatest common factor of 4536 and 462.
42
What is the highest common factor of 3854 and 376?
94
Calculate the greatest common factor of 329 and 14.
7
What is the greatest common divisor of 4960 and 2170?
310
What is the highest common factor of 27 and 11655?
9
Calculate the highest common factor of 54 and 6.
6
What is the highest common divisor of 85 and 2584?
17
What is the highest common divisor of 14 and 42?
14
What is the greatest common factor of 34 and 578?
34
What is the highest common divisor of 2483 and 13?
13
Calculate the greatest common factor of 762 and 12.
6
What is the highest common divisor of 609 and 24?
3
What is the greatest common divisor of 12265 and 11?
11
Calculate the highest common divisor of 578 and 68.
34
What is the highest common divisor of 20 and 2780?
20
Calculate the highest common factor of 112 and 32.
16
What is the greatest common factor of 8 and 160?
8
Calculate the greatest common factor of 72 and 16.
8
What is the greatest common divisor of 4020 and 120?
60
Calculate the greatest common divisor of 2708 and 20.
4
What is the greatest common divisor of 1984 and 16?
16
What is the greatest common factor of 192 and 12?
12
Calculate the highest common factor of 124 and 713.
31
Calculate the greatest common factor of 1 and 16.
1
What is the greatest common divisor of 1235 and 455?
65
Calculate the highest common factor of 41 and 1927.
41
Calculate the greatest common factor of 33 and 825.
33
What is the greatest common divisor of 1863 and 2208?
69
What is the greatest common factor of 289 and 2?
1
Calculate the highest common divisor of 112 and 70.
14
What is the greatest common divisor of 106 and 2?
2
Calculate the greatest common factor of 204 and 12.
12
Calculate the greatest common divisor of 175 and 1575.
175
Calculate the highest common factor of 7343 and 28.
7
Calculate the greatest common divisor of 21 and 2163.
21
Calculate the greatest common divisor of 46 and 322.
46
Calculate the highest common divisor of 23440 and 160.
80
Calculate the greatest common factor of 83 and 8134.
83
Calculate the highest common divisor of 114 and 589.
19
W